{"id":2254,"date":"2022-12-21T18:03:29","date_gmt":"2022-12-21T18:03:29","guid":{"rendered":"https:\/\/staging.kinderjodelchoerli.ch\/?post_type=event&#038;p=2254"},"modified":"2023-01-15T00:17:49","modified_gmt":"2023-01-15T00:17:49","slug":"auftritt-fuer-den-gaertnermeisterverband","status":"publish","type":"event","link":"https:\/\/kinderjodelchoerli.ch\/index.php\/event\/auftritt-fuer-den-gaertnermeisterverband\/","title":{"rendered":"Auftritt f\u00fcr den \u00dcK G\u00e4rtner Ostschweiz"},"content":{"rendered":"","protected":false},"excerpt":{"rendered":"","protected":false},"author":1,"featured_media":0,"comment_status":"open","ping_status":"closed","template":"","categories":[76],"tags":[],"class_list":["post-2254","event","type-event","status-publish","hentry","category-grau-privater-anlass"],"_links":{"self":[{"href":"https:\/\/kinderjodelchoerli.ch\/index.php\/wp-json\/wp\/v2\/event\/2254","targetHints":{"allow":["GET"]}}],"collection":[{"href":"https:\/\/kinderjodelchoerli.ch\/index.php\/wp-json\/wp\/v2\/event"}],"about":[{"href":"https:\/\/kinderjodelchoerli.ch\/index.php\/wp-json\/wp\/v2\/types\/event"}],"author":[{"embeddable":true,"href":"https:\/\/kinderjodelchoerli.ch\/index.php\/wp-json\/wp\/v2\/users\/1"}],"replies":[{"embeddable":true,"href":"https:\/\/kinderjodelchoerli.ch\/index.php\/wp-json\/wp\/v2\/comments?post=2254"}],"version-history":[{"count":2,"href":"https:\/\/kinderjodelchoerli.ch\/index.php\/wp-json\/wp\/v2\/event\/2254\/revisions"}],"predecessor-version":[{"id":2383,"href":"https:\/\/kinderjodelchoerli.ch\/index.php\/wp-json\/wp\/v2\/event\/2254\/revisions\/2383"}],"wp:attachment":[{"href":"https:\/\/kinderjodelchoerli.ch\/index.php\/wp-json\/wp\/v2\/media?parent=2254"}],"wp:term":[{"taxonomy":"category","embeddable":true,"href":"https:\/\/kinderjodelchoerli.ch\/index.php\/wp-json\/wp\/v2\/categories?post=2254"},{"taxonomy":"post_tag","embeddable":true,"href":"https:\/\/kinderjodelchoerli.ch\/index.php\/wp-json\/wp\/v2\/tags?post=2254"}],"curies":[{"name":"wp","href":"https:\/\/api.w.org\/{rel}","templated":true}]}}

Auftritt für den ÜK Gärtner Ostschweiz
